{"id":6469,"date":"2025-01-31T09:59:05","date_gmt":"2025-01-31T08:59:05","guid":{"rendered":"https:\/\/www.karaokemedia.com\/blog\/?page_id=6469"},"modified":"2025-01-31T10:04:14","modified_gmt":"2025-01-31T09:04:14","slug":"asd","status":"publish","type":"page","link":"https:\/\/www.karaokemedia.com\/blog\/de\/","title":{"rendered":"KARAOKE BLOG UND MUSIKNACHRICHTEN, SINGT UND TEILT"},"content":{"rendered":"<div class=\"wpb-content-wrapper\"><div id=\"tdi_1\" class=\"tdc-row\"><div class=\"vc_row tdi_2  wpb_row td-pb-row\" >\n<style scoped>\n\/* custom css - generated by TagDiv Composer *\/\n\n\/* custom css - generated by TagDiv Composer *\/\n.tdi_2,\r\n                .tdi_2 .tdc-columns{\r\n                    min-height: 0;\r\n                }.tdi_2,\r\n\t\t\t\t.tdi_2 .tdc-columns{\r\n\t\t\t\t    display: block;\r\n\t\t\t\t}.tdi_2 .tdc-columns{\r\n\t\t\t\t    width: 100%;\r\n\t\t\t\t}.tdi_2:before,\r\n\t\t\t\t.tdi_2:after{\r\n\t\t\t\t    display: table;\r\n\t\t\t\t}\n<\/style><div class=\"vc_column tdi_4  wpb_column vc_column_container tdc-column td-pb-span12\">\n<style scoped>\n\/* custom css - generated by TagDiv Composer *\/\n\n\/* custom css - generated by TagDiv Composer *\/\n.tdi_4{\r\n                    vertical-align: baseline;\r\n                }.tdi_4 > .wpb_wrapper,\r\n\t\t\t\t.tdi_4 > .wpb_wrapper > .tdc-elements{\r\n\t\t\t\t    display: block;\r\n\t\t\t\t}.tdi_4 > .wpb_wrapper > .tdc-elements{\r\n\t\t\t\t    width: 100%;\r\n\t\t\t\t}.tdi_4 > .wpb_wrapper > .vc_row_inner{\r\n\t\t\t\t    width: auto;\r\n\t\t\t\t}.tdi_4 > .wpb_wrapper{\r\n\t\t\t\t    width: auto;\r\n\t\t\t\t    height: auto;\r\n\t\t\t\t}\n<\/style><div class=\"wpb_wrapper\" ><div class=\"td_block_wrap td_block_big_grid_3 tdi_5 td-grid-style-1 td-hover-1 td-big-grids td-pb-border-top td_block_template_11\"  data-td-block-uid=\"tdi_5\" ><div id=tdi_5 class=\"td_block_inner\"><div class=\"td-big-grid-wrapper\">\r\n        <div class=\"td_module_mx5 td-animation-stack td-big-grid-post-0 td-big-grid-post td-big-thumb\">\r\n            <div class=\"td-module-thumb\"><a href=\"https:\/\/www.karaokemedia.com\/blog\/es\/son-by-four-a-puro-dolor-karaoke\/\"  rel=\"bookmark\" class=\"td-image-wrap \" title=\"Son by four &#8211; A puro dolor (Karaoke)\" ><img decoding=\"async\" width=\"534\" height=\"462\" class=\"entry-thumb lazyload\" data-src=\"https:\/\/www.karaokemedia.com\/blog\/wp-content\/uploads\/2026\/04\/maxresdefault-1-534x462.jpg\"   alt=\"\" title=\"Son by four &#8211; A puro dolor (Karaoke)\" src=\"data:image\/svg+xml;base64,PHN2ZyB3aWR0aD0iMSIgaGVpZ2h0PSIxIiB4bWxucz0iaHR0cDovL3d3dy53My5vcmcvMjAwMC9zdmciPjwvc3ZnPg==\" style=\"--smush-placeholder-width: 534px; --smush-placeholder-aspect-ratio: 534\/462;\" \/><span class=\"td-video-play-ico\"><i class=\"td-icon-video-thumb-play\"><\/i><\/span><\/a><\/div>            <div class=\"td-meta-info-container\">\r\n                <div class=\"td-meta-align\">\r\n                    <div class=\"td-big-grid-meta\">\r\n                        <a href=\"https:\/\/www.karaokemedia.com\/blog\/es\/karaoke-online\/\" class=\"td-post-category\" >Karaoke Online<\/a>                        <h3 class=\"entry-title td-module-title\"><a href=\"https:\/\/www.karaokemedia.com\/blog\/es\/son-by-four-a-puro-dolor-karaoke\/\"  rel=\"bookmark\" title=\"Son by four &#8211; A puro dolor (Karaoke)\">Son by four &#8211; A puro dolor (Karaoke)<\/a><\/h3>                    <\/div>\r\n                    <div class=\"td-module-meta-info\">\r\n                                                <span class=\"td-post-date\"><time class=\"entry-date updated td-module-date\" datetime=\"2026-04-14T14:06:34+02:00\" >14 abril, 2026<\/time><\/span>                    <\/div>\r\n                <\/div>\r\n            <\/div>\r\n\r\n        <\/div>\r\n\r\n        <div class=\"td-big-grid-scroll\">\r\n        <div class=\"td_module_mx11 td-animation-stack td-big-grid-post-1 td-big-grid-post td-medium-thumb\">\r\n            <div class=\"td-module-thumb\"><a href=\"https:\/\/www.karaokemedia.com\/blog\/es\/mon-laferte-tu-falta-de-querer-karaoke-version\/\"  rel=\"bookmark\" class=\"td-image-wrap \" title=\"Mon Laferte &#8211; Tu Falta De Querer (Karaoke version)\" ><img decoding=\"async\" width=\"533\" height=\"261\" class=\"entry-thumb lazyload\" data-src=\"https:\/\/www.karaokemedia.com\/blog\/wp-content\/uploads\/2026\/04\/maxresdefault-533x261.jpg\"  data-srcset=\"https:\/\/www.karaokemedia.com\/blog\/wp-content\/uploads\/2026\/04\/maxresdefault-533x261.jpg 533w, https:\/\/www.karaokemedia.com\/blog\/wp-content\/uploads\/2026\/04\/maxresdefault-324x160.jpg 324w\" data-sizes=\"(max-width: 533px) 100vw, 533px\"  alt=\"\" title=\"Mon Laferte &#8211; Tu Falta De Querer (Karaoke version)\" src=\"data:image\/svg+xml;base64,PHN2ZyB3aWR0aD0iMSIgaGVpZ2h0PSIxIiB4bWxucz0iaHR0cDovL3d3dy53My5vcmcvMjAwMC9zdmciPjwvc3ZnPg==\" style=\"--smush-placeholder-width: 533px; --smush-placeholder-aspect-ratio: 533\/261;\" \/><span class=\"td-video-play-ico\"><i class=\"td-icon-video-thumb-play\"><\/i><\/span><\/a><\/div>            <div class=\"td-meta-info-container\">\r\n                <div class=\"td-meta-align\">\r\n                    <div class=\"td-big-grid-meta\">\r\n                        <a href=\"https:\/\/www.karaokemedia.com\/blog\/es\/karaoke-online\/\" class=\"td-post-category\" >Karaoke Online<\/a>                        <h3 class=\"entry-title td-module-title\"><a href=\"https:\/\/www.karaokemedia.com\/blog\/es\/mon-laferte-tu-falta-de-querer-karaoke-version\/\"  rel=\"bookmark\" title=\"Mon Laferte &#8211; Tu Falta De Querer (Karaoke version)\">Mon Laferte &#8211; Tu Falta De Querer (Karaoke version)<\/a><\/h3>                    <\/div>\r\n                <\/div>\r\n            <\/div>\r\n\r\n        <\/div>\r\n\r\n        \r\n        <div class=\"td_module_mx6 td-animation-stack td-big-grid-post-2 td-big-grid-post td-small-thumb\">\r\n            <div class=\"td-module-thumb\"><a href=\"https:\/\/www.karaokemedia.com\/blog\/de\/die-15-besten-karaoke-songs-fuer-frauen-und-weibliche-stimmen-auf-spanisch\/\"  rel=\"bookmark\" class=\"td-image-wrap \" title=\"Die 15 besten Karaoke-Songs f\u00fcr Frauen und weibliche Stimmen auf Spanisch\" ><img decoding=\"async\" width=\"265\" height=\"198\" class=\"entry-thumb lazyload\" data-src=\"https:\/\/www.karaokemedia.com\/blog\/wp-content\/uploads\/2023\/09\/mejores-canciones-karaoke-para-mujeres-265x198.jpg\"  data-srcset=\"https:\/\/www.karaokemedia.com\/blog\/wp-content\/uploads\/2023\/09\/mejores-canciones-karaoke-para-mujeres-265x198.jpg 265w, https:\/\/www.karaokemedia.com\/blog\/wp-content\/uploads\/2023\/09\/mejores-canciones-karaoke-para-mujeres-80x60.jpg 80w\" data-sizes=\"(max-width: 265px) 100vw, 265px\"  alt=\"Die besten Karaoke-Songs f\u00fcr Frauen\" title=\"Die 15 besten Karaoke-Songs f\u00fcr Frauen und weibliche Stimmen auf Spanisch\" src=\"data:image\/svg+xml;base64,PHN2ZyB3aWR0aD0iMSIgaGVpZ2h0PSIxIiB4bWxucz0iaHR0cDovL3d3dy53My5vcmcvMjAwMC9zdmciPjwvc3ZnPg==\" style=\"--smush-placeholder-width: 265px; --smush-placeholder-aspect-ratio: 265\/198;\" \/><\/a><\/div>            <div class=\"td-meta-info-container\">\r\n                <div class=\"td-meta-align\">\r\n                    <div class=\"td-big-grid-meta\">\r\n                        <a href=\"https:\/\/www.karaokemedia.com\/blog\/de\/musikalische-kuriositaeten\/\" class=\"td-post-category\" >Musikalische Kuriosit\u00e4ten<\/a>                        <h3 class=\"entry-title td-module-title\"><a href=\"https:\/\/www.karaokemedia.com\/blog\/de\/die-15-besten-karaoke-songs-fuer-frauen-und-weibliche-stimmen-auf-spanisch\/\"  rel=\"bookmark\" title=\"Die 15 besten Karaoke-Songs f\u00fcr Frauen und weibliche Stimmen auf Spanisch\">Die 15 besten Karaoke-Songs f\u00fcr Frauen und weibliche Stimmen auf Spanisch<\/a><\/h3>                    <\/div>\r\n                <\/div>\r\n            <\/div>\r\n\r\n        <\/div>\r\n\r\n\r\n        \r\n        <div class=\"td_module_mx6 td-animation-stack td-big-grid-post-3 td-big-grid-post td-small-thumb\">\r\n            <div class=\"td-module-thumb\"><a href=\"https:\/\/www.karaokemedia.com\/blog\/pt\/as-15-melhores-musicas-de-karaoke-para-mulheres-e-vozes-femininas-em-espanhol\/\"  rel=\"bookmark\" class=\"td-image-wrap \" title=\"As 15 melhores m\u00fasicas de karaoke para mulheres e vozes femininas em espanhol\" ><img decoding=\"async\" width=\"265\" height=\"198\" class=\"entry-thumb lazyload\" data-src=\"https:\/\/www.karaokemedia.com\/blog\/wp-content\/uploads\/2023\/09\/mejores-canciones-karaoke-para-mujeres-265x198.jpg\"  data-srcset=\"https:\/\/www.karaokemedia.com\/blog\/wp-content\/uploads\/2023\/09\/mejores-canciones-karaoke-para-mujeres-265x198.jpg 265w, https:\/\/www.karaokemedia.com\/blog\/wp-content\/uploads\/2023\/09\/mejores-canciones-karaoke-para-mujeres-80x60.jpg 80w\" data-sizes=\"(max-width: 265px) 100vw, 265px\"  alt=\"as melhores m\u00fasicas de karaoke para mulheres\" title=\"As 15 melhores m\u00fasicas de karaoke para mulheres e vozes femininas em espanhol\" src=\"data:image\/svg+xml;base64,PHN2ZyB3aWR0aD0iMSIgaGVpZ2h0PSIxIiB4bWxucz0iaHR0cDovL3d3dy53My5vcmcvMjAwMC9zdmciPjwvc3ZnPg==\" style=\"--smush-placeholder-width: 265px; --smush-placeholder-aspect-ratio: 265\/198;\" \/><\/a><\/div>            <div class=\"td-meta-info-container\">\r\n                <div class=\"td-meta-align\">\r\n                    <div class=\"td-big-grid-meta\">\r\n                        <a href=\"https:\/\/www.karaokemedia.com\/blog\/pt\/curiosidades-musicais\/\" class=\"td-post-category\" >Curiosidades musicais<\/a>                        <h3 class=\"entry-title td-module-title\"><a href=\"https:\/\/www.karaokemedia.com\/blog\/pt\/as-15-melhores-musicas-de-karaoke-para-mulheres-e-vozes-femininas-em-espanhol\/\"  rel=\"bookmark\" title=\"As 15 melhores m\u00fasicas de karaoke para mulheres e vozes femininas em espanhol\">As 15 melhores m\u00fasicas de karaoke para mulheres e vozes femininas em espanhol<\/a><\/h3>                    <\/div>\r\n                <\/div>\r\n            <\/div>\r\n\r\n        <\/div>\r\n\r\n\r\n        <\/div><\/div><div class=\"clearfix\"><\/div><\/div><\/div> <!-- .\/block --><\/div><\/div><\/div><\/div><\/div>","protected":false},"excerpt":{"rendered":"Karaoke Online Son by four &#8211; A puro dolor (Karaoke) 14 abril, 2026 Karaoke Online Mon Laferte &#8211; Tu Falta De Querer (Karaoke version) Musikalische Kuriosit\u00e4ten Die 15 besten Karaoke-Songs f\u00fcr Frauen und weibliche Stimmen auf Spanisch Curiosidades musicais As 15 melhores m\u00fasicas de karaoke para mulheres e vozes femininas em espanhol","protected":false},"author":6,"featured_media":0,"parent":0,"menu_order":0,"comment_status":"open","ping_status":"closed","template":"","meta":{"tdm_status":"","tdm_grid_status":"","footnotes":""},"class_list":["post-6469","page","type-page","status-publish","hentry"],"yoast_head":"<!-- This site is optimized with the Yoast SEO plugin v27.2 - https:\/\/yoast.com\/product\/yoast-seo-wordpress\/ -->\n<title>Karaoke Media Blog | Actualidad Musical y Noticias Karaoke.<\/title>\n<meta name=\"description\" content=\"Blog de Karaoke y de actualidad musicales, coge tu micr\u00f3fono, canta, y comparte en nuestra comunidad en l\u00ednea | Mejores Karaokes\" \/>\n<meta name=\"robots\" content=\"index, follow, max-snippet:-1, max-image-preview:large, max-video-preview:-1\" \/>\n<link rel=\"canonical\" href=\"https:\/\/www.karaokemedia.com\/blog\/de\/\" \/>\n<meta property=\"og:locale\" content=\"es_ES\" \/>\n<meta property=\"og:type\" content=\"article\" \/>\n<meta property=\"og:title\" content=\"Karaoke Media Blog | Actualidad Musical y Noticias Karaoke.\" \/>\n<meta property=\"og:description\" content=\"Blog de Karaoke y de actualidad musicales, coge tu micr\u00f3fono, canta, y comparte en nuestra comunidad en l\u00ednea | Mejores Karaokes\" \/>\n<meta property=\"og:url\" content=\"https:\/\/www.karaokemedia.com\/blog\/de\/\" \/>\n<meta property=\"og:site_name\" content=\"Actualidad Musical y Karaoke.\" \/>\n<meta property=\"article:publisher\" content=\"https:\/\/www.facebook.com\/karaokemedia\/\" \/>\n<meta property=\"article:modified_time\" content=\"2025-01-31T09:04:14+00:00\" \/>\n<meta name=\"twitter:card\" content=\"summary_large_image\" \/>\n<meta name=\"twitter:site\" content=\"@karaokemedia\" \/>\n<meta name=\"twitter:label1\" content=\"Tiempo de lectura\" \/>\n\t<meta name=\"twitter:data1\" content=\"1 minuto\" \/>\n<script type=\"application\/ld+json\" class=\"yoast-schema-graph\">{\"@context\":\"https:\/\/schema.org\",\"@graph\":[{\"@type\":\"WebPage\",\"@id\":\"https:\/\/www.karaokemedia.com\/blog\/de\/\",\"url\":\"https:\/\/www.karaokemedia.com\/blog\/de\/\",\"name\":\"Karaoke Media Blog | Actualidad Musical y Noticias Karaoke.\",\"isPartOf\":{\"@id\":\"https:\/\/www.karaokemedia.com\/blog\/#website\"},\"datePublished\":\"2025-01-31T08:59:05+00:00\",\"dateModified\":\"2025-01-31T09:04:14+00:00\",\"description\":\"Blog de Karaoke y de actualidad musicales, coge tu micr\u00f3fono, canta, y comparte en nuestra comunidad en l\u00ednea | Mejores Karaokes\",\"breadcrumb\":{\"@id\":\"https:\/\/www.karaokemedia.com\/blog\/de\/#breadcrumb\"},\"inLanguage\":\"es\",\"potentialAction\":[{\"@type\":\"ReadAction\",\"target\":[\"https:\/\/www.karaokemedia.com\/blog\/de\/\"]}]},{\"@type\":\"BreadcrumbList\",\"@id\":\"https:\/\/www.karaokemedia.com\/blog\/de\/#breadcrumb\",\"itemListElement\":[{\"@type\":\"ListItem\",\"position\":1,\"name\":\"Portada\",\"item\":\"https:\/\/www.karaokemedia.com\/blog\/es\/\"},{\"@type\":\"ListItem\",\"position\":2,\"name\":\"KARAOKE BLOG UND MUSIKNACHRICHTEN, SINGT UND TEILT\"}]},{\"@type\":\"WebSite\",\"@id\":\"https:\/\/www.karaokemedia.com\/blog\/#website\",\"url\":\"https:\/\/www.karaokemedia.com\/blog\/\",\"name\":\"Actualidad Musical y Karaoke | Karaokemedia Blog\",\"description\":\"Entretenimiento y ocio musical.\",\"publisher\":{\"@id\":\"https:\/\/www.karaokemedia.com\/blog\/#organization\"},\"potentialAction\":[{\"@type\":\"SearchAction\",\"target\":{\"@type\":\"EntryPoint\",\"urlTemplate\":\"https:\/\/www.karaokemedia.com\/blog\/?s={search_term_string}\"},\"query-input\":{\"@type\":\"PropertyValueSpecification\",\"valueRequired\":true,\"valueName\":\"search_term_string\"}}],\"inLanguage\":\"es\"},{\"@type\":\"Organization\",\"@id\":\"https:\/\/www.karaokemedia.com\/blog\/#organization\",\"name\":\"Karaokemedia\",\"url\":\"https:\/\/www.karaokemedia.com\/blog\/\",\"logo\":{\"@type\":\"ImageObject\",\"inLanguage\":\"es\",\"@id\":\"https:\/\/www.karaokemedia.com\/blog\/#\/schema\/logo\/image\/\",\"url\":\"https:\/\/www.karaokemedia.com\/blog\/wp-content\/uploads\/2017\/01\/logo-karaokemedia-blog.png\",\"contentUrl\":\"https:\/\/www.karaokemedia.com\/blog\/wp-content\/uploads\/2017\/01\/logo-karaokemedia-blog.png\",\"width\":272,\"height\":90,\"caption\":\"Karaokemedia\"},\"image\":{\"@id\":\"https:\/\/www.karaokemedia.com\/blog\/#\/schema\/logo\/image\/\"},\"sameAs\":[\"https:\/\/www.facebook.com\/karaokemedia\/\",\"https:\/\/x.com\/karaokemedia\",\"https:\/\/www.instagram.com\/karaokemedia\/\",\"https:\/\/www.youtube.com\/c\/KaraokeMediaPlus\",\"https:\/\/www.tiktok.com\/@karaokemedia_oficial\"]}]}<\/script>\n<!-- \/ Yoast SEO plugin. -->","yoast_head_json":{"title":"Karaoke Media Blog | Actualidad Musical y Noticias Karaoke.","description":"Blog de Karaoke y de actualidad musicales, coge tu micr\u00f3fono, canta, y comparte en nuestra comunidad en l\u00ednea | Mejores Karaokes","robots":{"index":"index","follow":"follow","max-snippet":"max-snippet:-1","max-image-preview":"max-image-preview:large","max-video-preview":"max-video-preview:-1"},"canonical":"https:\/\/www.karaokemedia.com\/blog\/de\/","og_locale":"es_ES","og_type":"article","og_title":"Karaoke Media Blog | Actualidad Musical y Noticias Karaoke.","og_description":"Blog de Karaoke y de actualidad musicales, coge tu micr\u00f3fono, canta, y comparte en nuestra comunidad en l\u00ednea | Mejores Karaokes","og_url":"https:\/\/www.karaokemedia.com\/blog\/de\/","og_site_name":"Actualidad Musical y Karaoke.","article_publisher":"https:\/\/www.facebook.com\/karaokemedia\/","article_modified_time":"2025-01-31T09:04:14+00:00","twitter_card":"summary_large_image","twitter_site":"@karaokemedia","twitter_misc":{"Tiempo de lectura":"1 minuto"},"schema":{"@context":"https:\/\/schema.org","@graph":[{"@type":"WebPage","@id":"https:\/\/www.karaokemedia.com\/blog\/de\/","url":"https:\/\/www.karaokemedia.com\/blog\/de\/","name":"Karaoke Media Blog | Actualidad Musical y Noticias Karaoke.","isPartOf":{"@id":"https:\/\/www.karaokemedia.com\/blog\/#website"},"datePublished":"2025-01-31T08:59:05+00:00","dateModified":"2025-01-31T09:04:14+00:00","description":"Blog de Karaoke y de actualidad musicales, coge tu micr\u00f3fono, canta, y comparte en nuestra comunidad en l\u00ednea | Mejores Karaokes","breadcrumb":{"@id":"https:\/\/www.karaokemedia.com\/blog\/de\/#breadcrumb"},"inLanguage":"es","potentialAction":[{"@type":"ReadAction","target":["https:\/\/www.karaokemedia.com\/blog\/de\/"]}]},{"@type":"BreadcrumbList","@id":"https:\/\/www.karaokemedia.com\/blog\/de\/#breadcrumb","itemListElement":[{"@type":"ListItem","position":1,"name":"Portada","item":"https:\/\/www.karaokemedia.com\/blog\/es\/"},{"@type":"ListItem","position":2,"name":"KARAOKE BLOG UND MUSIKNACHRICHTEN, SINGT UND TEILT"}]},{"@type":"WebSite","@id":"https:\/\/www.karaokemedia.com\/blog\/#website","url":"https:\/\/www.karaokemedia.com\/blog\/","name":"Actualidad Musical y Karaoke | Karaokemedia Blog","description":"Entretenimiento y ocio musical.","publisher":{"@id":"https:\/\/www.karaokemedia.com\/blog\/#organization"},"potentialAction":[{"@type":"SearchAction","target":{"@type":"EntryPoint","urlTemplate":"https:\/\/www.karaokemedia.com\/blog\/?s={search_term_string}"},"query-input":{"@type":"PropertyValueSpecification","valueRequired":true,"valueName":"search_term_string"}}],"inLanguage":"es"},{"@type":"Organization","@id":"https:\/\/www.karaokemedia.com\/blog\/#organization","name":"Karaokemedia","url":"https:\/\/www.karaokemedia.com\/blog\/","logo":{"@type":"ImageObject","inLanguage":"es","@id":"https:\/\/www.karaokemedia.com\/blog\/#\/schema\/logo\/image\/","url":"https:\/\/www.karaokemedia.com\/blog\/wp-content\/uploads\/2017\/01\/logo-karaokemedia-blog.png","contentUrl":"https:\/\/www.karaokemedia.com\/blog\/wp-content\/uploads\/2017\/01\/logo-karaokemedia-blog.png","width":272,"height":90,"caption":"Karaokemedia"},"image":{"@id":"https:\/\/www.karaokemedia.com\/blog\/#\/schema\/logo\/image\/"},"sameAs":["https:\/\/www.facebook.com\/karaokemedia\/","https:\/\/x.com\/karaokemedia","https:\/\/www.instagram.com\/karaokemedia\/","https:\/\/www.youtube.com\/c\/KaraokeMediaPlus","https:\/\/www.tiktok.com\/@karaokemedia_oficial"]}]}},"lang":"de","translations":{"de":6469,"es":38,"en":4033,"fr":4034,"it":5237,"pt":5793,"ar":6192},"pll_sync_post":[],"_links":{"self":[{"href":"https:\/\/www.karaokemedia.com\/blog\/wp-json\/wp\/v2\/pages\/6469","targetHints":{"allow":["GET"]}}],"collection":[{"href":"https:\/\/www.karaokemedia.com\/blog\/wp-json\/wp\/v2\/pages"}],"about":[{"href":"https:\/\/www.karaokemedia.com\/blog\/wp-json\/wp\/v2\/types\/page"}],"author":[{"embeddable":true,"href":"https:\/\/www.karaokemedia.com\/blog\/wp-json\/wp\/v2\/users\/6"}],"replies":[{"embeddable":true,"href":"https:\/\/www.karaokemedia.com\/blog\/wp-json\/wp\/v2\/comments?post=6469"}],"version-history":[{"count":5,"href":"https:\/\/www.karaokemedia.com\/blog\/wp-json\/wp\/v2\/pages\/6469\/revisions"}],"predecessor-version":[{"id":6475,"href":"https:\/\/www.karaokemedia.com\/blog\/wp-json\/wp\/v2\/pages\/6469\/revisions\/6475"}],"wp:attachment":[{"href":"https:\/\/www.karaokemedia.com\/blog\/wp-json\/wp\/v2\/media?parent=6469"}],"curies":[{"name":"wp","href":"https:\/\/api.w.org\/{rel}","templated":true}]}}